5. Let a be (45/(-75))/((-2)/10). Suppose -a*x + 22 = -5*x. Is k(x) prime?
True
Suppose r + 476 = 5*t, 244 = 4*t - 5*r - 141. Let d = 2 - t. Let j = d + 139. Is j a prime number?
False
Let g(o) be the first derivative of 22*o**3/3 - 11*o**2/2 - 10*o - 1. Let b be g(11). Suppose -2241 = -4*t + b. Is t a composite number?
False
Suppose 0 = 4*w - 2*d - 96, 2*d = 5*w - 0*w - 118. Suppose 4*h - w = -o, -2*h + 88 = 4*o - 0*h. Is (143/o)/(2/20) composite?
True
Suppose 0 = 3*k - 3*r - 6, 4 = 3*k - 2*r. Suppose 3*f + u - 746 + 106 = k, -3*f + 624 = -3*u. Suppose -j - q - 31 + f = 0, 0 = -3*q + 6. Is j a prime number?
True
Let w(l) = 49*l**2. Let q be w(1). Suppose 2*o - 191 = -q. Is 2/(-4)*0 + o a composite number?
False
Let t = 11 + -1. Let z = -7 + t. Suppose -139 = -z*s + 98. Is s a prime number?
True
Let p(m) = -104*m**3 + 4*m**2 - 20*m + 5. Is p(-6) composite?
True
Let a = 639 + -602. Is a composite?
False
Let a(g) be the third derivative of 37*g**4/24 + g**3/6 - 11*g**2. Let w(j) = -3*j + 1. Let q be w(-1). Is a(q) a composite number?
False
Let g be 2/(-10) - (-3)/((-75)/(-88505)). Is 0 + 3 + 2 + g a prime number?
False
Let j(z) = 90*z**2 - 10*z - 47. Is j(-12) a composite number?
False
Suppose 16*x = 88*x - 1181016. Is x prime?
False
Let a(x) = -5*x + 11. Let s be a(7). Let g = s + 1147. Is g a composite number?
False
Let w(t) = -t**3 - 7*t**2 + 5 + 2*t**3 + 0*t**3 + 2*t. Let q(p) = 3*p**2 - 2*p. Let g be q(2). Is w(g) a composite number?
True
Let l(a) = -210*a - 37. Is l(-22) a composite number?
False
Let u(q) = -37*q + 2. Let z(f) = -f. Let l(o) = -u(o) + 6*z(o). Let n be 12/18*(-18)/(-4). Is l(n) prime?
False
Suppose 4*v - 10*v = -65298. Is v a prime number?
True
Let x(g) = -g**3 + 38*g**2 - 24*g - 20. Let s be x(26). Suppose s = -r + 5*r. Is r composite?
False
Let o be -78*2*(-52)/16. Let q = -166 + o. Is q a composite number?
True
Let g = -24 - -26. Suppose 0 = g*d, 5*w - 445 = 5*d - d. Is w prime?
True
Let f be (-6)/10 - (-627)/(-55). Let u(y) = -y**3 - 12*y**2 - y - 9. Let q be u(f). Suppose 79 = q*k - 59. Is k prime?
False
Let y = -41 - -7. Let c = 81 + y. Is c composite?
False
Suppose -72318 = -5*j + 79567. Is j composite?
True
Let x(r) be the first derivative of r**5/30 - r**4/12 + r**3/3 + 5. Let w(y) be the third derivative of x(y). Is w(9) prime?
False
Suppose -6 = -2*f, 0 = -p - 2*f + 19 - 1. Is ((-6)/p)/(1/(-3086)) a prime number?
True
Let b = -21 + 27. Suppose -2898 = -b*n + 8766. Suppose 0 = 2*z + 454 - n. Is z prime?
False
Let v be (-4)/5*(-10)/(-2). Let s(l) be the second derivative of l**4/6 - 5*l**3/6 + 3*l**2/2 + 24*l + 1. Is s(v) a prime number?
False
Suppose -2*x - 45155 = -5*q, q + 0*x = 4*x + 9049. Is q prime?
True
Let i be (-1 + -19 - -2)/((-3)/(-2)). Is (4/5)/(i/13410*-3) composite?
True
Let k(g) = 80*g**2 + 11*g + 53. Is k(-6) prime?
False
Let i(l) = 245*l + 41. Let u be (2 - (-10)/(-4))/(15/(-180)). Is i(u) composite?
False
Suppose 0 = 7*d - 81507 - 28120. Is d prime?
True
Suppose 3*r - 3635 = -4*t, -5*r - 920 = -t - 2*r. Is t composite?
False
Suppose -3*z + 3*r = -2550, 2*r = -4*z - r + 3365. Suppose z + 345 = 10*f. Is f a prime number?
False
Suppose -17*f + 3*f + 72282 = 0. Is f prime?
False
Let v = 927 + 2182. Is v a prime number?
True
Let g(q) = 141*q**2 + 11*q + 25. Is g(-4) composite?
False
Let q be 42 + (2 - (1 + -2)). Let b = q - 24. Is b composite?
True
Let x be (-9)/36 + (-290)/(-8). Suppose x*d + 441 = 39*d. Suppose -t - d = -o, -5*t + 21 = o - 138. Is o composite?
False
Let w be (-2 - -2 - -1) + 3. Let v be 12*(-1 + (35 - w)). Let i = 349 + v. Is i composite?
False
Suppose -24*b = -22*b + 10. Let d(v) = -5*v**2 - v + 9. Let x(w) = 5*w**2 + 2*w - 8. Let k(a) = 4*d(a) + 5*x(a). Is k(b) prime?
False
Suppose 6*v - 17403 = 11295. Is v composite?
False
Let v(k) = 2*k**3 - 22*k**2 + 20*k - 11. Let o(f) = -3*f**3 + 33*f**2 - 30*f + 17. Let b(p) = 5*o(p) + 8*v(p). Let c be b(10). Is 2*43*c/(-6) composite?
False
Suppose 3*z = 6814 + 6734. Suppose 0 = -6*y + z + 1742. Is y a composite number?
True
Suppose -116667 - 122271 = -6*q. Is q a prime number?
False
Let a be 0*(-2)/(-4) + 6. Is 7674/9 - (-2)/a a prime number?
True
Let r(q) = 12*q**2 + 11*q + 40. Is r(9) prime?
False
Suppose -249629 = -3*a + 2*n, -a + 83210 = 36*n - 37*n. Is a a prime number?
False
Suppose -2*d - 60 = -5*d. Let g be (-10)/d*2*1. Is (-2 + 1 - -171) + g a prime number?
False
Let j(w) = 4*w**2 + 5*w + 9. Let m be j(-5). Let o = m - 5. Is o a composite number?
False
Suppose 6*u = 210 + 5232. Is u a prime number?
True
Let v be 100946/51 + 2/3. Suppose -2*z + v = -6. Is z a composite number?
True
Suppose 3*t - 8 = 2*t. Let d be (-33)/44 - (-6)/t. Suppose -2*i - 2*i + 12 = d. Is i a composite number?
False
Let f = -5236 - -8282. Let w = -945 + f. Is w a prime number?
False
Is -1*49874/(-10 + 8) a prime number?
False
Let d be (-16)/64 + 39/(-4). Is (83/2)/(-5 - 55/d) a prime number?
True
Let i(g) = -61*g**2 + 10*g + 13. Let z be i(-15). Let j = -7881 - z. Is j prime?
True
Suppose 3*x = 3*b + 8253, 0 = x - 2*b - 0*b - 2755. Is x composite?
True
Is 1/((-1)/(-1)) + (94 - -8819) composite?
True
Let v = -14 - 0. Let c = v - -16. Suppose -c*o = -391 + 137. Is o a prime number?
True
Let g be (-6 + 2)*(-2)/4. Let l(o) = 10*o**3 + 6*o - 3. Is l(g) a prime number?
True
Let a(g) = g**2 - 14*g - 10. Let i be (-4)/12*90/(-2). Let z be a(i). Suppose -2*d + 1102 = -h + z*h, 4*d + 566 = 2*h. Is h a composite number?
False
Suppose -269186 + 648299 = 21*w. Is w composite?
True
Let l(f) = -97*f + 2. Let m be -3 + (2 - 0) + -2. Is l(m) prime?
True
Let l = -3088 - -7969. Is l composite?
True
Let f(b) = 11 - 3*b**2 - 8 + 9*b**2. Is f(9) prime?
False
Let m(r) = 60*r**2 - 6*r - 24. Let s be m(-8). Let y = s - 1891. Is y composite?
False
Let c = 1099 + -663. Let m = -144 + c. Suppose -2*x = 0, -5*n + 363 = -2*x - m. Is n composite?
False
Let l(f) = -118*f + 79. Is l(-14) prime?
False
Let o(a) = -a**3 + a**2 + 3*a - 2001. Let p be o(0). Let w = -1250 - p. Is w prime?
True
Suppose 14983 = k - 6*b, 10*k - b + 75070 = 15*k. Is k a prime number?
True
Let u = -2368 - -528. Let g = u - -3157. Is g a composite number?
True
Let g = 83 + -81. Suppose c - 2 = -1. Suppose 441 + c = g*a. Is a prime?
False
Let c(z) = -z**3 + 3*z**2 + 6*z - 6. Let m be c(4). Let n be (-18)/m*(-6)/27. Suppose 3*g + 0*t = -t + 129, -5*g + n*t + 215 = 0. Is g a composite number?
False
Suppose y = -5*w - 2146, 2*w = -5*y - w - 10620. Let p = y + 3315. Let j = -653 + p. Is j a composite number?
False
Is (270 + (4 - 3))/(5 - 4) a composite number?
False
Suppose -13*p - 8025 - 11540 = 0. Let j = p + 3136. Is j a composite number?
True
Let u be 2 - (-736)/(1 + 1). Suppose 485 = -5*s + 7*s + 3*j, s - 2*j = 253. Let q = u - s. Is q a composite number?
True
Let c(k) = -355*k - 49. Is c(-32) prime?
True
Let y = -845 + 564. Let f = y - -458. Suppose -4*k = -f - 331. Is k prime?
True
Let f(x) = -x**3 - 2*x**2 + x - 3. Let o be f(-3). Suppose 5*d = 4*b + 500, 4*b - 124 = o*d - 4*d. Suppose 0 = 3*r - 103 - d. Is r a composite number?
True
Let x(s) = -17*s**3 + 3*s**2 + 3*s - 2. Is x(-5) prime?
False
Suppose -19*h + 17*h + 9410 = 0. Suppose -3*v - h = -t, -t - 14127 = -4*t + 3*v. Is t a prime number?
False
Is (-44)/(-8)*(-2)/(-11) - -16216 composite?
False
Is (-13 - (10 + -22))/(2/(-73046)) prime?
True
Let k(n) = 5*n**3 + n - 2. Let u be k(2). Suppose -4*m - u = -6*m. Is 8/m - (-14049)/15 prime?
True
Let j(p) = p + 12. Suppose 3*m + 21 = -0*m + 5*u, 4*u = m. Let x be j(m). Suppose x*f + f - 251 = 0. Is f prime?
True
Let b = 12 - 17. Let t(l) = -2*l - 10. Let f be t(b). Suppose f = v - 4*v - 2*m + 263, 2*m = 5*v - 465. Is v a composite number?
True
Suppose -7*z + 5*z = 0. Suppose -5*l + 1460 = -5*q, z*q = l + 5*q - 310. Is l a prime number?
False
Suppose 3*o - q - 17901 = o, -44756 = -5*o - q. Is o a prime number?
True
Suppose 0 = -35*z - 61643 + 292048. Is z prime?
False
Let o = -5 - -3. Is 37*14*(-1)/o prime?
False
Suppose -7473 = -w - 4*x, -7491 = 4*w - 5*w + 5*x. Is w a prime number?
True
Suppose 5*p - 24 = -5*l + l, -3*p + 12 = 0. Let a = 42 + l. Is a a composite number?
False
Let k(h) = -4*h**3 - 6*h**2 + 6*h - 10. Let f be k(-6). Let p = f + -335. Is p a composite number?
True
Suppose 8 = p + 6. Suppose p*w = 5*